.
-5
Suppose -a + 3 = -2*a. Let y(k) = k**3 + k**2 + k + 7. Let b be y(a). Let r(s) = s**3 + 15*s**2 + 14*s. What is r(b)?
0
Let a = -10 + 6. Let l = -108 + 110. Let f(m) = 60*m**l - 2 - 3*m - 64*m**2 + 2*m - m - m**3. Give f(a).
6
Let r = -2147 - -2150. Let g(d) = 5*d**2 - 2*d - 5. Calculate g(r).
34
Suppose 3*p = 4*v + 45, 16*v = 10*v + p - 57. Let a(b) = -13*b - 108. Determine a(v).
9
Let d be (-1)/(1 + (-9)/6). Let g be d - 16/6 - (-16)/6. Suppose 0 = -g*l + 2*m - 22 + 8, -4 = -2*m. Let h(o) = -o**2 - 8*o - 6. What is h(l)?
9
Let q(v) be the third derivative of v**8/6720 + v**7/1680 + v**6/720 + 7*v**5/6 - 113*v**2. Let z(m) be the third derivative of q(m). Determine z(-2).
7
Let p(y) = y - 20 + y - 30 - 13 + 59. Give p(-1).
-6
Let r(t) = -t**3 + 3*t**2 - 12*t - 2. Let y be r(8). Let z = y - -420. Let s(u) = u**3 - 2*u**2 - u - 2. Calculate s(z).
-4
Suppose 3 = u + f, 3*u - 2*f = -38 + 42. Let y be (-32)/(-6)*(-3)/u. Let m(n) = n**3 + 7*n**2 - 8*n + 11. Give m(y).
11
Let f = -7 - -51. Let p(o) = -5*o**2 - o**3 - 25*o - 22*o + f*o - 1. Calculate p(-5).
14
Suppose 3*b - 9 = 5*p, 10*p - 39*b = -36*b - 24. Let c(w) = w**2 + 2*w - 6. Let r(g) = -g**2 - g + 7. Let l(t) = -3*c(t) - 2*r(t). Give l(p).
7
Let n(f) = -14*f**3 + 5*f**2 - 2*f**2 + 6*f + 15*f**3 + 2*f**2 + 5*f - 7. Determine n(-5).
-62
Let o = 142 - 143. Let h(p) = -p**3 + 9*p**2 - 6*p - 4. Let j(s) = -s**2 + s + 1. Let l(z) = o*h(z) - 3*j(z). Calculate l(5).
-9
Let y(p) = -91 - 2*p**3 + 91 - 2*p**2. Suppose 0 = 2*n + 2, -2*n = -14*c + 11*c + 5. Calculate y(c).
-4
Let w = -1111 + 1110. Let q(u) = -16*u - 15. Determine q(w).
1
Let t(c) be the first derivative of -c**3/3 + 11*c**2/2 - 42. Let v = 1012 + -1006. Calculate t(v).
30
Let k be 40/(-25)*200/(-32). Let y(x) = -x**3 + 10*x**2 + 11. Give y(k).
11
Let n(u) = 7*u + 9. Let s = -56 + 59. Let h(o) = -4*o - 5. Let l(m) = s*n(m) + 5*h(m). Determine l(7).
9
Let n be (-96)/(-480) + 9/5. Let u(q) be the third derivative of 0 - 15*q**n + 0*q - 2/3*q**3 + 1/8*q**4. What is u(3)?
5
Let a(v) = -1 + 0 + 2*v - v. Let t = 15559 - 15560. Determine a(t).
-2
Let k(j) = -19*j**3 + 10*j**2 - 20*j + 26. Let r(u) = -52*u**3 + 31*u**2 - 60*u + 77. Let g(t) = -11*k(t) + 4*r(t). What is g(-15)?
97
Suppose 4*o = -2*r - r + 13, 5*r = -2*o + 17. Let i be (3 + (-16)/4 + 4)/1. Let x(d) = 5*d**r - 13*d**i + 4*d**3 - d - 5 + 6*d**2 + 5*d**3. What is x(-6)?
1
Let r(g) = 9*g + 55. Suppose 252*b - 127*b - 127*b - 16 = 0. Determine r(b).
-17
Let g(z) = 72*z**2 - 2*z + 3. Suppose -9 = 3*n, -5*y + 3*n = -9*y - 5. What is g(y)?
73
Let h(d) = 3*d**2 + 6*d**2 - 73*d**3 + 0*d - 2 + 3*d + 39*d**3 + 35*d**3. Give h(-8).
38
Let r(d) = 9*d**2 + 16*d + 8. Let o(w) = -31*w**2 - 51*w - 24. Let a(q) = -2*o(q) - 7*r(q). Give a(-8).
8
Let n(z) = -z**2 - z + 2*z**2 + 1 + 0*z**2. Suppose 8*l - 9*l + 10 = 5*c, -2*l + 59 = -3*c. Suppose 0*v - 75 = l*v. Calculate n(v).
13
Let f(b) = 26*b - 5. Let v = -1 - 3. Let r(l) = 9*l - 2. Let m = 834 + -823. Let a(c) = m*r(c) + v*f(c). Calculate a(-2).
8
Let l(a) = 13*a - 61. Let u(w) = 145*w + 2034. Let j be u(-14). What is l(j)?
-9
Let d(i) = -2*i**2 + 20*i + 14. Suppose 24*p - 23*p - 5 = 0. Suppose 21 = s - p*o, -12*s = -7*s - 5*o - 65. Calculate d(s).
-8
Let l(d) = -536*d**2 - 37*d + 7 + 1090*d**2 - 550*d**2. Calculate l(9).
-2
Let r(d) = -d**2 + 7*d - 4. Suppose -2*h = -5*p + 25, 3*p + h - 12 - 3 = 0. Let m be r(p). Let b(t) = -9 + 1668*t + 1672*t - 3337*t. Determine b(m).
9
Let b(f) be the second derivative of f**3/2 - f**2 - 43*f - 2. Let m(p) = 5*p - 3. Let q(d) = 7*b(d) - 4*m(d). Give q(10).
8
Let j = 560 - 554. Let g(u) = -14*u + 15. Determine g(j).
-69
Suppose 2*z + 2*d + 22 = 0, -4*d = 3*z + 37 - 0. Let o(m) be the first derivative of -3*m**2/2 - 5*m - 1208. What is o(z)?
16
Let v be 1 - ((-15)/4 + 36/48). Let a(s) = 6*s + 13*s - 34*s + v + 13*s. Calculate a(11).
-18
Let s be 17/(-85) + 195/(-25). Let r be (1*-1)/((-3)/24). Let p(g) = 0*g - 7 + 3 - r*g - g**2. What is p(s)?
-4
Let t(v) be the third derivative of v**6/120 + v**5/15 - 9*v**4/8 - 19*v**3/3 - 3324*v**2 + 2*v. Calculate t(-7).
4
Let j(r) = -2*r**2 - 10293 + 3*r**2 + 10301 + 7*r. Suppose -4*z = -2*z + 12. Determine j(z).
2
Let d(q) be the first derivative of -7*q**2 - q**2 + 2*q**2 - 9*q + 4*q**2 - 30. Let s(n) = -n**2 - 3*n - 2. Let x be s(-4). What is d(x)?
15
Let t(n) = 5*n**3 + 17*n**2. Let x = -648 + 642. Let l(y) = 6*y**3 + 18*y**2 - 2*y + 1. Let g(f) = x*l(f) + 7*t(f). Give g(12).
-6
Let t(j) = -4*j**2 + 4*j - 6. Let y be (-2 - 28/(-12))*-9. Let z(n) = 10*n**2 - 8*n + 13. Let u(p) = y*z(p) - 7*t(p). Determine u(-4).
-13
Let w(i) be the third derivative of 2/3*i**3 - 2*i**2 - 1/12*i**4 + 0*i - 1/60*i**5 - 11. Determine w(-6).
-20
Let l(r) = -9*r + 52. Let d(n) = 7*n - 49. Let v(a) = 5*d(a) + 4*l(a). Calculate v(-12).
-25
Suppose 1877*q - 1811*q - 594 = 0. Let h(j) = -5*j + 21. Calculate h(q).
-24
Let l(c) = 287*c**2 - 49*c**2 - 62*c**2 - 2 - 53*c**2 - 58*c**2 - 56*c**2 - 2*c. Let t = 0 - 5. Let m = -3 - t. What is l(m)?
30
Let z(o) = -3 - 286*o - 1 + 122*o + 163*o. What is z(3)?
-7
Let c(z) be the first derivative of -z**4/4 - 5*z**3/3 - z**2 - 5*z + 39. Suppose 1 = 2*u + 2*r - 5, -u + 5*r = 9. Suppose 4*m = -u - 19. Calculate c(m).
5
Let h(u) = -u**2 - 13. Suppose -2*o - 18 = -4*m, -222*o - 4*m = -226*o - 36. Give h(o).
-94
Suppose -452*x = -455*x - 309. Let a = 96 + x. Let y(k) = 2*k**2 + 9*k - 2. Calculate y(a).
33
Let b(p) = 16 - 13*p + 22*p - 63 - 8*p - 7*p. What is b(-21)?
79
Suppose 72*x - 82*x = -60. Let l(g) = -x + 9*g - 3 - 609*g**2 + 608*g**2 + 2. Give l(6).
11
Suppose 5*r = -2*t + 89, -5*r - 3 = -4*t - 80. Let q(h) = 3 + 431533*h - 431531*h - 17 + 8 - 28. What is q(r)?
0
Let i = -222 + 226. Let a(h) = 2*h - 10. Calculate a(i).
-2
Let o(n) = -8*n + 6. Let p(q) = 7 - 1623*q + 1618*q - 2. Let z(i) = -4*o(i) + 6*p(i). Determine z(-7).
-8
Let v(q) = 2*q**2 + 6*q. Let b(n) = -2*n**2 - 5*n + 1. Let j(h) = 3*b(h) + 2*v(h). Let y = 31 - 28. Let u be (-5)/2 - y/6. Determine j(u).
-6
Let c be (-36)/10*(-7)/(70/25). Let m(d) = -23*d + 20*d + 0*d**2 - c*d - 11 - d**2. Give m(-10).
9
Let y(r) = -6*r - 4. Suppose 7 - 20 = -2*k - 3*b, 5*b = k. Suppose k = 5*v - 3*p, -2*p + 6 - 24 = 4*v. Calculate y(v).
8
Let w = 5550 - 5537. Let t(x) = 3*x - 41. Give t(w).
-2
Let o(p) = -p**2 + 19*p - 23. Suppose 6*u - 22 + 66 = 152. What is o(u)?
-5
Let m(y) = -3*y**3 - y. Let w(l) = -1953*l**2 + 1 + l**3 + 1953*l**2 - l. Let g(b) = m(b) - 2*w(b). Give g(1).
-6
Let c(m) = -34424*m**2 - 20*m + 34427*m**2 - 30 + 13. Determine c(10).
83
Let w(r) = -2*r**3 + r**2 + 12*r - 19. Suppose 5*q - 63*c + 66*c - 1 = 0, -5*q = -4*c - 22. Calculate w(q).
-7
Let t(i) = -i**3 - i**2 + 3*i + 6. Let c = -205 + 204. Let b be 44/36 + c + 40/(-18). Determine t(b).
4
Suppose -7*h - 27 = -2*h - 3*j, 0 = -2*j - 2. Let i(m) be the third derivative of -m**5/60 - 7*m**4/24 - m**3/6 + 2*m**2 + 5*m. Give i(h).
5
Suppose 0 = -26*l + 36*l. Suppose l = 31*c - 129 - 274. Let r(s) = s**2 - 12*s + 3. Give r(c).
16
Let k(u) = -13*u + 1. Let h(z) = z**2 - 10*z + 20. Let g be h(3). Calculate k(g).
14
Let n(s) = 0*s**2 - 10887 + 5438 + 5429 - 5*s + s**2. Calculate n(8).
4
Suppose 48 = 10*a - 7*a. Let y be (-3)/(-6)*(6 - a). Let k be 4/20 + 6/y. Let b(n) = 10*n**2 + n + 1. What is b(k)?
10
Let s(j) = 5*j + 12*j**2 - 3*j - 2*j + 1. Let y(v) = -3*v**2 + 12*v + 8. Let z be y(4). Let m be ((-24)/(-16))/(12/z). Give s(m).
13
Suppose -2*q - 5*l + 33 = 0, -4*q = -6*q - 4*l + 28. Let g(f) be the first derivative of -2*f**3/3 + 5*f**2/2 - 2*f - 5. Calculate g(q).
-14
Let z be 22/7 + (-2)/14 + -3. Suppose f + 4 - 6 = z. Let v(o) = -5*o**2 + 4*o - 2. Give v(f).
-14
Let t = -71 - -76. Suppose -n + 2*n - 6 = -t*g, -3*g + 4*n = -22. Let v(o) = -8*o + 3. Let m(p) = -p. Let b(l) = -3*m(l) + v(l). Give b(g).
-7
Let f(j) = j**2 - 5. Let g(k) = 4*k**2 + 4*k + 3. Let s be g(-1). Let c be (5 + -2)*s/(-9) + -3. Give f(c).
11
Suppose 16 = -39*o + 289. Let z(a) = -2*a - 16. Suppose -5*s + 19 = -2*t, s + 23 = -4*t - 4*s. Let f(h) = 5*h + 33. Let w(u) = t*z(u) - 3*f(u). Determine w(o).
6
Let l(c) = -19*c**3 + 193*c**2 + 23*c + 64. Let s(b) = 4*b**3 - 40*b**2 - 5*b - 13. Let h(v) = 5*l(v) + 24*s(v). Determine h(-6).
2
Let b(h) = 2*h**3 - 5*h**2 - 11*h +